0111312
Convert 527613 (base 10) to base 4.
2000303331
Convert ac5967 (base 13) to base 16.
3e139d
What is 304504052 (base 6) in base 7?
62516402
What is -108714 (base 12) in base 10?
-263680
-101111100000100011 (base 2) to base 8
-574043
884501 (base 9) to base 16
80f4a
What is -2170865 (base 9) in base 2?
-100011101010010110101
-10c0e9 (base 16) to base 3
-2001210010020
What is -10f45 (base 16) in base 7?
-406315
-201121000221002 (base 3) to base 12
-35a2048
13976 (base 13) to base 7
212126
17500 (base 16) to base 6
2014024
-33241241 (base 6) to base 11
-623a31
What is 10001111001000 (base 2) in base 15?
2aaa
-253442 (base 9) to base 10
-153452
Convert c3c855 (base 14) to base 3.
110102111120202
154232352 (base 6) to base 14
6176d6
What is a64a73 (base 14) in base 8?
25344015
What is -2323506 (base 8) in base 7?
-5243310
-344008 (base 11) to base 9
-1023362
Convert 558646 (base 13) to base 12.
81393a
154430 (base 7) to base 16
76c1
Convert 1395c (base 14) to base 13.
190c4
What is -3bf3c (base 16) in base 15?
-4cb5e
6175 (base 8) to base 3
11101102
-2457e (base 16) to base 13
-529ac
Convert -1010100111001111 (base 2) to base 4.
-22213033
Convert efbe (base 16) to base 7.
343635
What is 120211011121 (base 4) in base 15?
87421d
Convert -422939 (base 11) to base 4.
-2211112133
What is -253845 (base 9) in base 13?
-54cc2
55330314 (base 6) to base 3
10010100111101
What is -2663112 (base 8) in base 11?
-470326
What is -220218 (base 9) in base 4?
-200011013
Convert 165c843 (base 14) to base 11.
6221860
-24377537 (base 9) to base 4
-231132032332
-333729 (base 10) to base 4
-1101132201
Convert 3960b (base 13) to base 7.
622304
What is 4254365 (base 10) in base 13?
b5c59b
What is -12b236a (base 13) in base 14?
-ad3d91
cd9a4 (base 16) to base 14
17cc96
100210300 (base 5) to base 8
1410407
Convert -10011101100111011 (base 2) to base 12.
-3a84b
Convert 11110011000001010011 (base 2) to base 4.
3303001103
Convert -11320441 (base 7) to base 12.
-400914
Convert 285368 (base 15) to base 14.
387714
Convert 22231302030 (base 4) to base 14.
53196c
-1cc849a (base 13) to base 14
-13d052c
Convert -21010200121 (base 3) to base 12.
-6935a
1c6ce (base 16) to base 7
663306
Convert 78982 (base 11) to base 16.
1be8a
Convert 252210421 (base 7) to base 12.
53b8361
What is 60404331 (base 8) in base 13?
2833010
3658381 (base 9) to base 15
293d9a
Convert 7371645 (base 8) to base 16.
1df3a5
What is -1354610 (base 9) in base 4?
-2311311210
100111010010000110010 (base 2) to base 8
4722062
What is -2942641 (base 12) in base 15?
-addd64
43334054 (base 6) to base 7
13642411
Convert -2bdb (base 15) to base 3.
-110221022
Convert -35511350 (base 6) to base 7.
-12315462
Convert 730a9 (base 14) to base 8.
1035455
What is -8262 (base 15) in base 10?
-27542
What is -3366033 (base 8) in base 10?
-912411
What is -2959b (base 12) in base 11?
-3a523
What is -21245335 (base 6) in base 13?
-1900a3
14a456 (base 11) to base 16
38ffe
Convert -2aa1b (base 15) to base 4.
-201200330
What is -220100421 (base 5) in base 16?
-e5ac0
Convert -132003333321 (base 4) to base 7.
-123661536
What is 1402141223 (base 5) in base 13?
9750a9
Convert 112973 (base 12) to base 8.
1027747
Convert -24236140 (base 7) to base 15.
-2ca2c4
What is -1057812 (base 9) in base 10?
-570008
Convert 2362605 (base 8) to base 9.
1187615
Convert 1689b5 (base 13) to base 10.
561904
4988aa8 (base 11) to base 15
b6253c
Convert -566373 (base 9) to base 6.
-11134450
Convert -11001111101000111 (base 2) to base 13.
-3950a
Convert 213233031 (base 4) to base 10.
162765
17d71b (base 15) to base 3
2011220011022
-141200241 (base 6) to base 13
-7926c1
Convert -12212122001 (base 3) to base 10.
-115642
What is -35265037 (base 8) in base 11?
-4386305
What is -51e13 (base 15) in base 13?
-91266
What is -6a8694 (base 13) in base 2?
-1001101010001011101111
-3498bb (base 12) to base 3
-1120222212222
-184538 (base 12) to base 13
-11a350
32601 (base 8) to base 12
7b15
Convert 179407 (base 10) to base 5.
21220112
-2a0754 (base 15) to base 12
-8189ba
Convert 1536520 (base 7) to base 16.
33904
6724 (base 16) to base 3
1100012221
What is -2a3046 (base 13) in base 7?
-11540020
3460630 (base 7) to base 11
277820
What is 10111001111101111100110 (base 2) in base 10?
6093798
-1424032224 (base 5) to base 7
-43521526
What is -1278883 (base 15) in base 10?
-13292673
Convert 763067 (base 8) to base 12.
103a73
Convert 11101110011111010 (base 2) to base 9.
205443
Convert 176903 (base 12) to base 11.
257854
Convert 15c1ac4 (base 14) to base 10.
10684524
Convert 1224100032 (base 5) to base 4.
23101233223
-404142 (base 5) to base 16
-32f7
Convert -6dd9ea (base 15) to base 4.
-110010103033
-195920 (base 11) to base 7
-2361226
What is 200031232 (base 4) in base 7?
1056460
Convert 3227d (base 15) to base 9.
262331
What is -5599c2 (base 13) in base 8?
-7552562
15134421 (base 6) to base 12
214411
Convert -1175a (base 11) to base 9.
-25140
-82933 (base 14) to base 16
-4cd01
Convert 1311211013 (base 4) to base 10.
481607
Convert -11434244 (base 5) to base 14.
-2b883
-12000120101222 (base 3) to base 7
-31452461
Convert 1132130231 (base 4) to base 6.
12143005
What is 10c8e7 (base 16) in base 13?
2c68bc
Convert -1449a77 (base 13) to base 2.
-11000100110001010101010
110110010111100011000 (base 2) to base 15
252cd8
Convert -24937 (base 14) to base 8.
-257025
Convert -5fb7 (base 16) to base 15.
-73d8
Convert 1744a3 (base 13) to base 12.
240155
Convert -211011331 (base 4) to base 8.
-450575
-7eec8 (base 15) to base 6
-12402455
What is -135345 (base 6) in base 5?
-403011
Convert 1027ab4 (base 14) to base 7.
121556114
c0c41 (base 13) to base 6
11220205
Convert 10000110001100110 (base 2) to base 14.
1b07c
What is 145176 (base 9) in base 11?
60a2a
What is -114c242 (base 13) in base 15?
-706e52
What is -7221aa (base 12) in base 4?
-12310102102
-236440550 (base 7) to base 13
-30a7aa1
31023672 (base 8) to base 12
224658a
-1860889 (base 10) to base 11
-1061128
Convert -22301301131 (base 4) to base 6.
-140320045
-124325 (base 10) to base 6
-2355325
-135496 (base 11) to base 3
-101210002221
Convert -221413431 (base 5) to base 11.
-600366
1731363 (base 8) to base 4
1323023303
12225234 (base 7) to base 12
450073
125225110 (base 7) to base 8
36527577
268223 (base 10) to base 12
10b27b
Convert -100102200220 (base 3) to base 11.
-117557
Convert -1433242002 (base 5) to base 13.
-a333ca
-23433202 (base 5) to base 8
-651507
Convert -1028665 (base 9) to base 5.
-120112230
Convert -2f774 (base 16) to base 13.
-6a655
What is 42638 (base 11) in base 2?
1111001000101001
Convert 90661 (base 10) to base 12.
44571
What is -7a27 (base 14) in base 9?
-32068
-1214025 (base 6) to base 9
-107278
What is -11303444420 (base 5) in base 10?
-12953110
-3461a (base 14) to base 8
-370700
-51e29 (base 16) to base 4
-1101320221
What is 3124114 (base 7) in base 16?
5bcb4
Convert -65746 (base 11) to base 10.
-95398
What is -30205363 (base 8) in base 12?
-216852b
What is 500455 (base 6) in base 3?
1222120122
-b3868 (base 12) to base 7
-1664465
322444113 (base 5) to base 14
27b0ba
37414078 (base 9) to base 8
105672762
-136525 (base 15) to base 11
-5877a3
What is 2201102102 (base 3) in base 14?
15713
What is -521643 (base 8) in base 12?
-84117
-30255 (base 7) to base 2
-1110010101101
11214410443 (base 5) to base 9
25725758
Convert -1221212133 (base 5) to base 9.
-5430411
Convert 26f2ab (base 16) to base 10.
2552491
-118394 (base 10) to base 12
-58622
What is 165246 (base 7) in base 16?
8124
What is -206b5 (base 16) in base 10?
-132789
-205633 (base 11) to base 9
-552012
Convert 10331 (base 8) to base 3.
12220202
Convert -68b5c (base 15) to base 14.
-89680
5bc299 (base 15) to base 9
8237530
1111010011111011101010 (base 2) to base 10
4013802
Convert -101011111110111010001 (base 2) to base 10.
-1441233
5604307 (base 8) to base 6
52204435
What is -73ba4 (base 13) in base 2?
-110010111001111111
-7dd7cd (base 15) to base 8
-26754501
What is -a1008 (base 11) in base 10?
-147749
-736561 (base 9) to base 5
-103002420
Convert 3318 (base 11) to base 5.
120000
What is -642154 (base 7) in base 14?
-2c764
416830 (base 9) to base 8
743776
139153 (base 12) to base 15
66c69
Convert -11295 (base 13) to base 16.
-79f2
685021 (base 9) to base 3
